 -3*j - 6, -v*y + 2*j - 25 = 0. What is the units digit of y/12*-2*(-1120)/(-12)?
0
Let x(h) = -4830*h - 7068. What is the ten thousands digit of x(-9)?
3
Let n = 33 - 34. What is the units digit of (n + (-194)/6)/(87/(-261))?
0
Let m(v) = 15*v**2 + 226*v - 156. What is the thousands digit of m(-42)?
6
Suppose 239242 = 56*w + 155741 - 381299. What is the units digit of w?
0
Let f(n) be the second derivative of -n**5/20 + n**3/3 + n**2/2 + 11*n. Let x be f(-3). What is the tens digit of 2 - (x - 1)*(-4)/6?
1
Let k = -1603 - -1939. What is the tens digit of k?
3
What is the ten thousands digit of (72/14)/(-9) - (-5162970)/210?
2
Let f = 28 + -38. Let m = f - -30. Let x = m + 67. What is the tens digit of x?
8
Let p(b) = -b + 36. Let o(m) = 6*m + 14. Let h be o(-2). Let g be h + -1 + (17 - 2 - 1). What is the units digit of p(g)?
1
Let m(y) = -28*y**2 + 2*y - 2. Let q be m(1). Let j = q + 32. What is the units digit of j - 1/(4 - (5 + -2))?
3
Let l = -7561 - -18033. What is the thousands digit of l?
0
What is the tens digit of (4 - 40)*(30708/(-27) + -8)?
3
Let b(y) = 1643*y**2 + 3*y + 10. Let g(a) = -2465*a**2 - 5*a - 16. Let u(c) = 8*b(c) + 5*g(c). What is the units digit of u(-1)?
0
Let y = 3272 - 2693. What is the tens digit of y?
7
Suppose 0 = -3*r - 138 + 114. Let q(t) = -68*t + 228. What is the units digit of q(r)?
2
Let s be (-4)/(-38) - 190440/570. Let k = s + 639. What is the tens digit of k?
0
Let t = 544 + 7088. What is the hundreds digit of t?
6
Suppose -60 - 18 = 13*x. What is the units digit of 16/28*3/(x/(-329))?
4
Suppose 173*b + 233121 = 352*b - 172*b. What is the units digit of b?
3
Suppose -2*l - 21*f + 26*f = -2394, l - 1197 = 3*f. What is the units digit of l?
7
Suppose 0 = y + 2*y + 96. Let j = y + 41. Let q = j + 61. What is the units digit of q?
0
Let n = -5 + 6. Let x(a) = -16*a - 181. Let h be x(49). What is the hundreds digit of h/(-5) + 3 + n?
1
Suppose -20*l + 19*l = z - 3, 0 = -z - 4*l - 3. Suppose -z*m + 1569 = -2491. What is the tens digit of m?
1
Suppose -85*c - 19*c = 17*c - 2360347. What is the hundreds digit of c?
5
Let k be (-1)/((18/6)/(-6)). Let w(q) = 208*q + 29. What is the hundreds digit of w(k)?
4
Suppose -p + 23004 = -4*h, -p = -5*h - 33511 + 10502. What is the tens digit of p?
8
Suppose 8 - 6 = c, -c = 3*k - 42425. What is the units digit of k?
1
What is the thousands digit of (-16 - (-4 - 1171))*(-3)/(6/(-22))?
2
Suppose -2*g - 20 = 2*g, -2*g = -d + 662. Suppose 0 = -4*f - 2*t + d, -373 = -4*f - t + 277. What is the tens digit of f?
6
Let n = 23 + -11. Let w(v) = -4*v - 16*v + v**2 + 2*v - 3*v + 16 + 17*v. What is the hundreds digit of w(n)?
1
Let g = 15741 + -10750. What is the thousands digit of g?
4
Suppose 0 = -3*v - 3, 409*x + 2*v = 407*x + 10572. What is the units digit of x?
7
What is the tens digit of ((0 - 0) + 3995)*(-13724)/(-940)?
2
Suppose 0 = -14*q + 269563 - 18571. What is the hundreds digit of q?
9
Let o(i) be the third derivative of i**5/60 - 25*i**4/24 + 101*i**3/6 + 55*i**2 - 2. What is the hundreds digit of o(29)?
2
Let h(s) = -128*s**2 + 1. Let b be h(-1). Let m = 349 + b. What is the hundreds digit of m?
2
Let d be 3 + (-242 - -2) - -2. Let g = 370 + d. What is the tens digit of g?
3
Let w(o) = -33627*o + 414. What is the thousands digit of w(-1)?
4
Suppose 23*k - 49563 = 9777. What is the hundreds digit of k?
5
Let z(a) = a**3 + 4*a**2 - 7*a - 4. Let b be z(-5). Suppose 0 = -n - n + b. What is the tens digit of (-394)/(-8) + n + (-1)/4?
5
Let d(p) = -2. Let x(m) = m**3 - 4*m**2 + 2*m - 6. Let c(i) = 2*d(i) + x(i). What is the tens digit of c(5)?
2
Let x(o) = -3*o**2 + 12*o - 16. Let z(r) = 7*r**2 - 25*r + 33. Let i(c) = -5*x(c) - 2*z(c). What is the units digit of i(12)?
8
Suppose 4*v - 31 = -11. Let f be (v + -4)/(1/(-46)). What is the tens digit of (-2)/(-6) + (-10)/15*f?
3
Suppose 0*d = 5*d + 695. Let x = 167 + d. What is the units digit of x?
8
Let q be (-55)/(-25) - 3 - 3118/(-10). Suppose 4*y - 456 = 5*r, 4*r - q = -9*y + 6*y. What is the hundreds digit of y?
1
Let o be 19/((-7 + 6)/(-190)). Suppose o = -24*a + 16858. What is the units digit of a?
2
Suppose -3*q - 23 = 73. Let k = 29 - q. What is the units digit of k?
1
Let p be 97/(-5) - 183/305. Let k = -17 - p. What is the units digit of k?
3
Let p = 18 - 15. Suppose -22*b - 321 = -25*b - 5*a, p*a = 2*b - 233. What is the units digit of b?
2
Suppose 4*i + 328368 = 5*h, h - 79549 + 13867 = -2*i. Suppose 52*z - h - 3952 = 0. What is the units digit of z?
9
Suppose 4 = 2*x - 12. Suppose 5*b - 4363 = 3*o, 4*b - 1643 = 5*o + 1863. Suppose -955 = -x*n + b. What is the units digit of n?
8
Suppose 0 = -6*n + 10*n - 24. Let r(i) = 13*i**2 - 11*i + 27. What is the hundreds digit of r(n)?
4
Let a = 3262 + 244. Suppose 7*v - a = 2192. Suppose -4*m + n + v = 0, -6*m + 1009 = -m + 3*n. What is the tens digit of m?
0
Let a(d) = 27*d**2 - 27*d + 50. Let m be a(-10). Suppose 9*r + m = 4*k + 6*r, 3*k + 3*r - 2286 = 0. What is the hundreds digit of k?
7
Let o be (12/(-4))/(0 + -1) + 0. Suppose -10 = o*f - 250. What is the tens digit of f?
8
Let m(r) = -4*r - 21. Let c be m(-7). Suppose -12*o = -c*o + 575. What is the tens digit of (-6141)/o + (-2)/5?
5
What is the tens digit of ((-3456)/(-112))/(-5 + (-5326)/(-1064))?
7
Let y(d) = -2*d**3 + 28*d**2 - 20*d - 141. What is the thousands digit of y(-16)?
5
Let r(s) = 301*s**2 + 12*s - 171. What is the ten thousands digit of r(9)?
2
Let y(s) = 659*s**2 - 411*s - 4636. What is the ten thousands digit of y(-12)?
9
Suppose -5*u = 5, -38*q + 35*q + 20036 = u. What is the thousands digit of q?
6
Let d be (-22 - -4)/(3/2). Let a(c) be the third derivative of -c**5/60 - 2*c**4/3 - 4*c**3/3 + 5*c**2. What is the tens digit of a(d)?
4
What is the ten thousands digit of -15 + 11 + (-27898)/(-2)?
1
Let s = 17064 - -20261. What is the units digit of s?
5
Suppose 233*t = 435*t - 4656706. What is the thousands digit of t?
3
Suppose 2*v + 16 = 5*w, -2*v - 4*w = -3*w - 8. Suppose v*b - 67 - 54 = 3*x, 4*b = -4*x - 128. Let a = 96 - x. What is the units digit of a?
3
Let h = -229 - -237. What is the hundreds digit of (3 + 1106 - h)*1/3?
3
Let i(w) = -527*w + 14. Let s be i(-4). Let j = s - 1434. What is the hundreds digit of j?
6
Suppose 2 = -4*g - 5*i + 24, -2*g + i = -18. Suppose -4*s - 6 = 2*x, -4*x - g = -5*s + 43. What is the units digit of (-48)/((27/6)/x)?
6
Let a = 69 - 85. What is the tens digit of ((-4)/a)/(3/1932)?
6
Let m = 50345 - 29122. What is the hundreds digit of m?
2
Let s be (-7 + 6 + -7)/(6/(-165)). Suppose 0*f + 10*f = s. What is the units digit of f?
2
Let j(k) be the third derivative of -1/2*k**3 + 1/8*k**4 + 0 - 6*k**2 + 9/20*k**5 + 0*k. What is the tens digit of j(1)?
2
Let h = -75 + 75. Suppose h = -11*j + 3834 + 973. What is the tens digit of j?
3
Let w(g) = -g**2 - 24*g - 59. Let z be w(-3). Suppose -z*k + 5698 = c, -8*c = -5*k - 3*c + 7110. What is the hundreds digit of k?
4
Let m be (-3)/(-4)*(2 - (2 - 24)). Suppose -m*p + 3565 = -6047. What is the units digit of p?
4
Let q(b) = -8 - 224*b - 4*b**2 - b**3 + 224*b + 0*b**3. Let x be q(-6). Let o = 70 + x. What is the units digit of o?
4
Let h be -2 - (10/2)/((-2)/32). Suppose -19*o = -16*o - h. What is the hundreds digit of o/7 + 16/56 - -223?
2
Let v(j) = -81*j + 133. What is the units digit of v(-14)?
7
Let j be 18/27 + (-32)/(-6). Suppose j*c = -229 - 863. What is the tens digit of c/(-3) - 80/(-60)?
6
Let d(u) be the first derivative of -u**2/2 + 17*u - 1. Let r be d(12). Suppose 3*o - 74 = 4*g, -g - 138 = -r*o + 2*g. What is the units digit of o?
0
Let q(t) be the third derivative of t**4/6 - 25*t**3/6 + 71*t**2. What is the units digit of q(7)?
3
Suppose 148 = p + 146. Suppose 0 = 5*v + p*d - 1238 + 51, -238 = -v - d. What is the hundreds digit of v?
2
Let j(t) = -t**3 + 31*t**2 + 15*t + 95. What is the tens digit of j(26)?
6
Let q(x) = 7*x**2 - 12*x - 109. Let l be q(12). Let g = 1796 - l. What is the thousands digit of g?
1
Let o(y) = 10*y**2 + 6. Let j be o(-2). Let m(n) = 10*n + 34 - j + 14*n. What is the hundreds digit of m(8)?
1
Suppose 0 = 59*x - 65*x + 3108. Let c = -153 + x. What is the units digit of c?
5
Let s(r) = 10*r - 14*r - 3 + 15. Let h be s(3). Suppose h = 2*m - m - 43. What is the tens digit of m?
4
Su